s the remainder when s is divided by o?
5
Let x(m) = -43*m - 2. Let h be x(-1). Let l be 16/(-4) - -5 - 29. Let q = l + h. Calculate the remainder when 47 is divided by q.
8
Suppose 599*q = 603*q - 36. What is the remainder when 16 is divided by q?
7
Let f(y) = -y**3 + 6*y**2 - 4*y + 4. Let q be (7/7)/(2/10). Suppose 12 = -2*k + q*k. Calculate the remainder when f(k) is divided by 7.
6
Let d(c) = 2*c. Let q be d(6). Let g be (27/q)/(6/16). Suppose -27 = -g*y + 3*y + 3*a, 4*a = y - 15. Calculate the remainder when 15 is divided by y.
1
Let o be 1244/8 + 2/(-4). Suppose -5*x = -170 - o. Let v = 118 - x. What is the remainder when v is divided by 18?
17
Calculate the remainder when -6 + 14 + -2 + 182 is divided by 97.
91
Let m = 107 + -95. Calculate the remainder when m is divided by 4.
0
Let b = -135 - -229. Suppose -3*d = -2*u + b + 450, 2*d - 554 = -2*u. Suppose 5*a = -0*a + u. Calculate the remainder when a is divided by 14.
13
Suppose 4*n - 95 = 3*c, 3*c + 4 = -3*n + 49. Suppose -5*g + n = -f, -f + 2*g = 3*f + 116. What is the remainder when 44 is divided by (f/4)/(5/(-10))?
14
Suppose -3*h = 6, 3*h = -t - 2*h - 3. Calculate the remainder when 12 is divided by t.
5
Let r(s) = -3*s**2 + 19 - 7 - s**2 + 11*s + 5*s**2. What is the remainder when 2 is divided by r(-10)?
0
Let d be (1 + -3)/2 + 0 + 1. Suppose 2*y - 27 - 75 = d. Calculate the remainder when y is divided by 27.
24
Let k = -57 + 60. Suppose r - 174 = -k*z + 2*r, -58 = -z - 4*r. What is the remainder when z is divided by 10?
8
Suppose -3*v - 9 = -3*u, 4*u - u - 5*v - 1 = 0. Let p be 79/u - (-14)/(-49). Suppose -p*m + 12*m = 61. Calculate the remainder when m is divided by 16.
13
Let k(a) = a - 2. Let n be ((-28)/21)/(1/(-15)). Suppose -5*x + 2*j + 27 = -n, 0 = -5*x - 5*j + 40. What is the remainder when x is divided by k(6)?
1
Let i = -179 + 191. What is the remainder when 34 is divided by i?
10
Suppose 341*o + 260 = 351*o. Suppose f = -w + 14, 0 - 7 = -3*w + 4*f. Calculate the remainder when o is divided by w.
8
Suppose -2*r + 26 = 3*h, -15 + 5 = 5*h. Let w = -4 + r. Calculate the remainder when 22 is divided by w.
10
Suppose 5*f = u - 118 + 1, 0 = 5*u - 2*f - 677. Suppose 2*n + 4*t - 65 = u, 5*t - 199 = -2*n. Let c = 165 - n. What is the remainder when c is divided by 20?
18
Let f(v) = 40*v**2. Let p = -12 - -13. Let u be f(p). Let r = -13 + u. Calculate the remainder when r is divided by 7.
6
Suppose -2*g + 10*g = 80. Suppose -5*l + 160 + 215 = 5*m, 0 = 4*m + 12. What is the remainder when l is divided by g?
8
Let n(q) = 13*q - 5. Calculate the remainder when n(6) is divided by ((-420)/(-50))/7 - (-296)/20 - 3.
8
Let a(o) = 27*o**2 + 23*o + 35. Calculate the remainder when a(-3) is divided by 77.
55
Let s be 112/(-11) - 16/(-88). Let b = s - -14. Suppose -4*t + 20 = -5*m, -2*t + b*m = 3*m - 10. Calculate the remainder when t is divided by 3.
2
Suppose j - 11 = 5*m, -m = 4*j - 52 - 34. Let n = 281 - 270. Calculate the remainder when j is divided by n.
10
Let s = 32 + -23. Let p(t) = 250*t - 1736. Calculate the remainder when p(7) is divided by s.
5
Let z be (0/(1 - 4))/(-2). Suppose -2*r + 40 = -2*s, 5*r + s + 46 - 134 = z. Calculate the remainder when 69 is divided by r.
15
Let l(m) = -65*m - 280. What is the remainder when 141 is divided by l(-5)?
6
Let t(r) = -9*r - 1 + 15*r + 9*r + 9*r. What is the remainder when t(1) is divided by 12?
11
Let f = 1012 - 980. What is the remainder when f is divided by 11?
10
Suppose 0 = -3*o + 357 - 39. Let v(a) = a**2 - 3*a + 3. Let n be v(2). Calculate the remainder when o is divided by 0 + -4 - (-30 - n).
25
Suppose 61*o - 66*o = -5*u + 205, -4*u + 2*o + 160 = 0. What is the remainder when u is divided by 22?
17
Suppose -5*y + n + 10 = 6*n, -10 = -3*y - 5*n. Suppose -4*v + y*t + t = -171, 0 = -4*v - 5*t + 153. Calculate the remainder when v is divided by 15.
12
Let r = -11 + 10. What is the remainder when 29 is divided by ((-4)/6 - 62/6)*r?
7
Let f(s) = 23*s**3 + s. Let t be f(-1). Calculate the remainder when 2 is divided by 3/12 + t/(-32).
0
Let w = -26 + 41. Let a = w + -13. Suppose 0 = a*r - r - 39. Calculate the remainder when r is divided by 10.
9
Let j be 16/(-40) - (-44)/10. Suppose 0*p - p = -2*b - j, -16 = -4*p + b. What is the remainder when 14 is divided by p?
2
Let f = -1 - -21. Calculate the remainder when 158 is divided by f.
18
Let f(o) = -o**2 - o - 8 - 3*o**2 + 3*o**2 - 12*o. Calculate the remainder when 1*59 + -2 + -2 is divided by f(-11).
13
Suppose 0*j = -5*u - 3*j + 899, -2*j = u - 184. Suppose 89*k - 8 = 93*k, -5*h + 5*k + 235 = 0. What is the remainder when u is divided by h?
43
Let l = 264 + -386. Let z = l + 147. Calculate the remainder when z is divided by 2.
1
Suppose -3*m = 5*r - 43, m - 19 = -2*r - 2*m. Let u be 1/(3 - 23/r). Suppose -2*l + 14 = -u*f + 4*f, 2*f = 6. Calculate the remainder when 50 is divided by l.
11
Let g = 14 - -36. Calculate the remainder when g is divided by 13.
11
Let g = 61 + -50. Suppose -2*z + 128 - g = 5*n, 0 = -4*z - 2*n + 242. What is the remainder when z is divided by 3/(-3) - 34/(-2)?
13
Let w = 293 - -13. Calculate the remainder when w is divided by 11.
9
Suppose 3*b = -0*n - 4*n - 47, -n - 4*b - 2 = 0. Let p = n + 43. Calculate the remainder when 111 is divided by p.
24
Let m(h) = -h**3 - 8*h**2 + 2*h - 2. Let c = -9 - -17. Let b = -1 - c. What is the remainder when m(b) is divided by 32?
29
Let a be (2/3)/(3/(-756)). Let h = -163 - a. Calculate the remainder when 11 is divided by h.
1
Let c = 122 - 97. Calculate the remainder when c is divided by 13.
12
Let x(g) = g**3 - 2*g**2 - 2*g - 1. Let n be x(3). Suppose n*o - 137 + 91 = 0. What is the remainder when 90 is divided by o?
21
Let x(y) = -2*y**3 - 3*y**2 + 131*y + 14. What is the remainder when x(7) is divided by 10?
8
Suppose -156 = -3*j + 69. Let m = -3236 + 3242. What is the remainder when j is divided by m?
3
Calculate the remainder when 39 is divided by -2 + 0 + (4 - 0).
1
Let o(h) = h**2 - 2*h - 16. Suppose 13 = 3*t - 4*d, 3*t - 3*d = -d + 17. What is the remainder when 35 is divided by o(t)?
16
Let d be 2/(-13) + 20/130. Let n(k) = -k**2 - k**3 + 21 + 0*k**2 + d. What is the remainder when n(0) is divided by 11?
10
What is the remainder when 1177 is divided by ((-2)/(-4))/(10/2360)?
115
Let b(i) = -2*i**2 + 15*i + 16. Let d be b(12). Let y = -60 - d. Calculate the remainder when 2619/21 + 4/14 is divided by y.
29
Let s = -44 + 46. Suppose -22 = -4*q - 2, -s*q - 25 = -5*g. What is the remainder when 27 is divided by g?
6
Let j = -104 - -94. Let p(q) = -10*q + 58. What is the remainder when p(j) is divided by 32?
30
Suppose -15*u + 142 + 218 = 0. What is the remainder when 190 is divided by u?
22
Suppose -3*p + p - 40 = 0. Let c = p + 15. Let k = c + 15. What is the remainder when 19 is divided by k?
9
Suppose -4*n = p + 186, 2*n + 74 + 484 = -3*p. Calculate the remainder when (-8)/28 - p/14 is divided by 6.
1
Let w(k) = 11*k**2 - 4*k + 9. Calculate the remainder when w(-3) is divided by 34.
18
Let b(r) = 13*r - 1. Suppose 4*l = 3*l. What is the remainder when (l - -1 - 1) + 73 is divided by b(2)?
23
Calculate the remainder when ((-182)/(-2))/((-31)/(-93)) is divided by 73.
54
Suppose -2*s + 3*s - q - 151 = 0, 0 = 2*q - 6. Calculate the remainder when s is divided by 40.
34
Suppose m - 33 = -2*x - x, -5*x + 5*m + 35 = 0. Let j be x*42/45*3. What is the remainder when 25 is divided by ((-9)/36)/((-1)/j)?
4
Let a = 30 + -17. Suppose -5*v + q = -128, 5*v - 4*q = 9*v - 112. Suppose 11*z - v - 62 = 0. What is the remainder when a is divided by z?
5
Calculate the remainder when 89 is divided by (-4)/(-3)*(-108)/8*-1.
17
Let a(p) = -p**2 - 16*p + 3. Let y be a(-7). Suppose -x - 5*x + y = 0. Calculate the remainder when 18 is divided by x.
7
Let y(a) = 40*a**2 - 26*a + 48. What is the remainder when y(2) is divided by 18?
12
Suppose 4*o - 18*h + 21*h - 708 = 0, 0 = 3*o + 5*h - 520. What is the remainder when o is divided by 47?
39
Suppose 12 = 5*k - 8. Suppose -2*z - 4*b + 90 = -0*b, 4*z - b - 144 = 0. Let g = z - k. Calculate the remainder when g is divided by 18.
15
Suppose -12*q = -27*q + 225. Let w(k) = k**3 - 6*k**2 - k - 3. Calculate the remainder when w(8) is divided by q.
12
Let w be -3 + 74 + (2 - -2). Suppose -k - 4